{"id":5904,"date":"2024-08-08T14:40:11","date_gmt":"2024-08-08T12:40:11","guid":{"rendered":"https:\/\/www.museocasaconsole.ch\/?page_id=5904"},"modified":"2026-03-04T14:01:43","modified_gmt":"2026-03-04T13:01:43","slug":"elementor-5904","status":"publish","type":"page","link":"https:\/\/www.museocasaconsole.ch\/?page_id=5904&lang=de","title":{"rendered":"AUSSTELLUNGEN"},"content":{"rendered":"\t\t<div data-elementor-type=\"wp-page\" data-elementor-id=\"5904\" class=\"elementor elementor-5904\">\n\t\t\t\t<div class=\"elementor-element elementor-element-e30e3e9 e-flex e-con-boxed e-con e-parent\" data-id=\"e30e3e9\" data-element_type=\"container\" data-e-type=\"container\">\n\t\t\t\t\t<div class=\"e-con-inner\">\n\t\t\t\t<div class=\"elementor-element elementor-element-d734bf1 elementor-widget elementor-widget-heading\" data-id=\"d734bf1\" data-element_type=\"widget\" data-e-type=\"widget\" data-widget_type=\"heading.default\">\n\t\t\t\t<div class=\"elementor-widget-container\">\n\t\t\t\t\t<h2 class=\"elementor-heading-title elementor-size-default\">AKTUELLE SONDERAUSSTELLUNG<\/h2>\t\t\t\t<\/div>\n\t\t\t\t<\/div>\n\t\t\t\t\t<\/div>\n\t\t\t\t<\/div>\n\t\t<div class=\"elementor-element elementor-element-c2edf4d e-flex e-con-boxed e-con e-parent\" data-id=\"c2edf4d\" data-element_type=\"container\" data-e-type=\"container\">\n\t\t\t\t\t<div class=\"e-con-inner\">\n\t\t\t\t<div class=\"elementor-element elementor-element-76b74b7 elementor-widget elementor-widget-text-editor\" data-id=\"76b74b7\" data-element_type=\"widget\" data-e-type=\"widget\" data-widget_type=\"text-editor.default\">\n\t\t\t\t<div class=\"elementor-widget-container\">\n\t\t\t\t\t\t\t\t\t<p><strong>Schweizer Realisten, Idealisten, Symbolisten<br \/><\/strong><strong>Bilder des Sammlers Bruno Stefanini<br \/><\/strong><\/p><p><strong>Museo Casa Console Poschiavo, 14.12.2025-25.10.2026<br \/><\/strong><strong>Vernissage, 13. <\/strong><strong>Dezember 2025, 17:30 Uhr<\/strong><\/p><p>\u00a0Die Sonderausstellung vereint rund zwanzig Meisterwerke aus der Sammlung des Kunstsammlers Bruno Stefanini (1924\u20132018) aus Winterthur, die heute von der von ihm 1980 gegr\u00fcndeten Stiftung f\u00fcr Kunst, Kultur und Geschichte (SKKG) verwaltet wird. Als Sohn eines italienischen Einwanderers und einer Schweizerin baute Stefanini ein betr\u00e4chtliches Verm\u00f6gen als Bauunternehmer und Immobilienmagnat auf und investierte ab den 1970er Jahren einen beachtlichen Teil seiner Mittel in den Aufbau einer der bedeutendsten Kunstsammlungen der Schweiz, die das Ergebnis seiner Leidenschaft, seiner Disziplin und seines Patriotismus war.<\/p><p>Im Dialog mit dem chronologischen Horizont der Dauerausstellung des Kunstmuseums Casa Console zeugen au\u00dfergew\u00f6hnliche Werke von Robert Z\u00fcnd, Rudolf Koller, Ferdinand Hodler, F\u00e9lix Vallotton und Giovanni Giacometti von der Bandbreite der historischen und stilistischen M\u00f6glichkeiten der Schweizer Kunst zwischen den 1840er Jahren und den ersten Jahrzehnten des 20. Jahrhunderts, von der Romantik bis zur fr\u00fchen Moderne. Daneben \u00fcberraschen die Gem\u00e4lde von Karl Girardet, Fran\u00e7ois-Louis-David Bocion, Hans Beat Wieland und Rudolf Urech, die dazu beitragen, eine suggestive Atmosph\u00e4re zu schaffen und die Entwicklung der Schweizer Malerei in groben Z\u00fcgen nachzuzeichnen.<\/p>\t\t\t\t\t\t\t\t<\/div>\n\t\t\t\t<\/div>\n\t\t\t\t\t<\/div>\n\t\t\t\t<\/div>\n\t\t<div class=\"elementor-element elementor-element-58dc9aa e-flex e-con-boxed e-con e-parent\" data-id=\"58dc9aa\" data-element_type=\"container\" data-e-type=\"container\">\n\t\t\t\t\t<div class=\"e-con-inner\">\n\t\t\t\t<div class=\"elementor-element elementor-element-8e56d72 elementor-widget elementor-widget-image\" data-id=\"8e56d72\" data-element_type=\"widget\" data-e-type=\"widget\" data-widget_type=\"image.default\">\n\t\t\t\t<div class=\"elementor-widget-container\">\n\t\t\t\t\t\t\t\t\t\t\t\t\t\t\t<img fetchpriority=\"high\" decoding=\"async\" width=\"747\" height=\"525\" src=\"https:\/\/www.museocasaconsole.ch\/wp-content\/uploads\/2025\/11\/vernice-13.12.2025-768x540.jpg\" class=\"attachment-medium_large size-medium_large wp-image-6797\" alt=\"\" srcset=\"https:\/\/www.museocasaconsole.ch\/wp-content\/uploads\/2025\/11\/vernice-13.12.2025-768x540.jpg 768w, https:\/\/www.museocasaconsole.ch\/wp-content\/uploads\/2025\/11\/vernice-13.12.2025-300x211.jpg 300w, https:\/\/www.museocasaconsole.ch\/wp-content\/uploads\/2025\/11\/vernice-13.12.2025-1024x720.jpg 1024w, https:\/\/www.museocasaconsole.ch\/wp-content\/uploads\/2025\/11\/vernice-13.12.2025-1536x1081.jpg 1536w, https:\/\/www.museocasaconsole.ch\/wp-content\/uploads\/2025\/11\/vernice-13.12.2025-120x85.jpg 120w, https:\/\/www.museocasaconsole.ch\/wp-content\/uploads\/2025\/11\/vernice-13.12.2025.jpg 2000w\" sizes=\"(max-width: 747px) 100vw, 747px\" \/>\t\t\t\t\t\t\t\t\t\t\t\t\t\t\t<\/div>\n\t\t\t\t<\/div>\n\t\t\t\t\t<\/div>\n\t\t\t\t<\/div>\n\t\t<div class=\"elementor-element elementor-element-db42144 e-flex e-con-boxed e-con e-parent\" data-id=\"db42144\" data-element_type=\"container\" data-e-type=\"container\">\n\t\t\t\t\t<div class=\"e-con-inner\">\n\t\t\t\t<div class=\"elementor-element elementor-element-b67c34d elementor-widget elementor-widget-heading\" data-id=\"b67c34d\" data-element_type=\"widget\" data-e-type=\"widget\" data-widget_type=\"heading.default\">\n\t\t\t\t<div class=\"elementor-widget-container\">\n\t\t\t\t\t<h2 class=\"elementor-heading-title elementor-size-default\">SAMMLUNG<\/h2>\t\t\t\t<\/div>\n\t\t\t\t<\/div>\n\t\t\t\t\t<\/div>\n\t\t\t\t<\/div>\n\t\t<div class=\"elementor-element elementor-element-8dfa371 e-flex e-con-boxed e-con e-parent\" data-id=\"8dfa371\" data-element_type=\"container\" data-e-type=\"container\">\n\t\t\t\t\t<div class=\"e-con-inner\">\n\t\t\t\t<div class=\"elementor-element elementor-element-5295fed elementor-widget elementor-widget-text-editor\" data-id=\"5295fed\" data-element_type=\"widget\" data-e-type=\"widget\" data-widget_type=\"text-editor.default\">\n\t\t\t\t<div class=\"elementor-widget-container\">\n\t\t\t\t\t\t\t\t\t<p>Die Kunstsammlung ist das Herzst\u00fcck des Museums. Sie umfasst zurzeit mehr als hundert wertvolle \u00d6lgem\u00e4lde und Zeichnungen, die perfekt zur Epoche passen, in der das Geb\u00e4ude errichtet wurde (zweite H\u00e4lfte des 19. Jahrhunderts).<\/p><p>Unter den K\u00fcnstlern der Casa Console finden sich die Namen renommierter Maler der deutschen Romantik, darunter Carl Spitzweg, Eduard von Gr\u00fctzner, Franz von Defregger, Franz von Lembach, Georg Buchner und Johann Friedrich Voltz. Zudem enth\u00e4lt die Sammlung bedeutende Werke von ber\u00fchmten Schweizer Malern des 19. und fr\u00fchen 20. Jahrhunderts wie Alexander Calame, Benjamin Vautier und Giovanni Segantini.<\/p>\t\t\t\t\t\t\t\t<\/div>\n\t\t\t\t<\/div>\n\t\t\t\t\t<\/div>\n\t\t\t\t<\/div>\n\t\t<div class=\"elementor-element elementor-element-c974a5e e-flex e-con-boxed e-con e-parent\" data-id=\"c974a5e\" data-element_type=\"container\" data-e-type=\"container\">\n\t\t\t\t\t<div class=\"e-con-inner\">\n\t\t\t\t<div class=\"elementor-element elementor-element-0363b28 elementor-widget elementor-widget-image-gallery\" data-id=\"0363b28\" data-element_type=\"widget\" data-e-type=\"widget\" data-widget_type=\"image-gallery.default\">\n\t\t\t\t<div class=\"elementor-widget-container\">\n\t\t\t\t\t\t\t<div class=\"elementor-image-gallery\">\n\t\t\t<div id='gallery-1' class='gallery galleryid-5904 gallery-columns-3 gallery-size-featured-slider'><figure class='gallery-item'>\n\t\t\t<div class='gallery-icon landscape'>\n\t\t\t\t<a data-elementor-open-lightbox=\"yes\" data-elementor-lightbox-slideshow=\"0363b28\" data-elementor-lightbox-title=\"Voltz Gewitter bei Ernte\" data-e-action-hash=\"#elementor-action%3Aaction%3Dlightbox%26settings%3DeyJpZCI6NTczNywidXJsIjoiaHR0cHM6XC9cL3d3dy5tdXNlb2Nhc2Fjb25zb2xlLmNoXC93cC1jb250ZW50XC91cGxvYWRzXC8yMDI0XC8wNVwvVm9sdHotR2V3aXR0ZXItYmVpLUVybnRlLmpwZyIsInNsaWRlc2hvdyI6IjAzNjNiMjgifQ%3D%3D\" href='https:\/\/www.museocasaconsole.ch\/wp-content\/uploads\/2024\/05\/Voltz-Gewitter-bei-Ernte.jpg'><img decoding=\"async\" width=\"752\" height=\"440\" src=\"https:\/\/www.museocasaconsole.ch\/wp-content\/uploads\/2024\/05\/Voltz-Gewitter-bei-Ernte-752x440.jpg\" class=\"attachment-featured-slider size-featured-slider\" alt=\"\" \/><\/a>\n\t\t\t<\/div><\/figure><figure class='gallery-item'>\n\t\t\t<div class='gallery-icon landscape'>\n\t\t\t\t<a data-elementor-open-lightbox=\"yes\" data-elementor-lightbox-slideshow=\"0363b28\" data-elementor-lightbox-title=\"Millner Alpsee bei F\u00fcssen\" data-e-action-hash=\"#elementor-action%3Aaction%3Dlightbox%26settings%3DeyJpZCI6NTc3MiwidXJsIjoiaHR0cHM6XC9cL3d3dy5tdXNlb2Nhc2Fjb25zb2xlLmNoXC93cC1jb250ZW50XC91cGxvYWRzXC8yMDI0XC8wNVwvTWlsbG5lci1BbHBzZWUtYmVpLUZ1ZXNzZW4uanBnIiwic2xpZGVzaG93IjoiMDM2M2IyOCJ9\" href='https:\/\/www.museocasaconsole.ch\/wp-content\/uploads\/2024\/05\/Millner-Alpsee-bei-Fuessen.jpg'><img decoding=\"async\" width=\"752\" height=\"440\" src=\"https:\/\/www.museocasaconsole.ch\/wp-content\/uploads\/2024\/05\/Millner-Alpsee-bei-Fuessen-752x440.jpg\" class=\"attachment-featured-slider size-featured-slider\" alt=\"\" \/><\/a>\n\t\t\t<\/div><\/figure><figure class='gallery-item'>\n\t\t\t<div class='gallery-icon landscape'>\n\t\t\t\t<a data-elementor-open-lightbox=\"yes\" data-elementor-lightbox-slideshow=\"0363b28\" data-elementor-lightbox-title=\"Millner Gotthardpass\" data-e-action-hash=\"#elementor-action%3Aaction%3Dlightbox%26settings%3DeyJpZCI6NTc3MywidXJsIjoiaHR0cHM6XC9cL3d3dy5tdXNlb2Nhc2Fjb25zb2xlLmNoXC93cC1jb250ZW50XC91cGxvYWRzXC8yMDI0XC8wNVwvTWlsbG5lci1Hb3R0aGFyZHBhc3MuanBnIiwic2xpZGVzaG93IjoiMDM2M2IyOCJ9\" href='https:\/\/www.museocasaconsole.ch\/wp-content\/uploads\/2024\/05\/Millner-Gotthardpass.jpg'><img loading=\"lazy\" decoding=\"async\" width=\"752\" height=\"440\" src=\"https:\/\/www.museocasaconsole.ch\/wp-content\/uploads\/2024\/05\/Millner-Gotthardpass-752x440.jpg\" class=\"attachment-featured-slider size-featured-slider\" alt=\"\" \/><\/a>\n\t\t\t<\/div><\/figure><figure class='gallery-item'>\n\t\t\t<div class='gallery-icon portrait'>\n\t\t\t\t<a data-elementor-open-lightbox=\"yes\" data-elementor-lightbox-slideshow=\"0363b28\" data-elementor-lightbox-title=\"Spitzweg Heuernte\" data-e-action-hash=\"#elementor-action%3Aaction%3Dlightbox%26settings%3DeyJpZCI6NTcxOSwidXJsIjoiaHR0cHM6XC9cL3d3dy5tdXNlb2Nhc2Fjb25zb2xlLmNoXC93cC1jb250ZW50XC91cGxvYWRzXC8yMDI0XC8wNVwvU3BpdHp3ZWctSGV1ZXJudGUuanBnIiwic2xpZGVzaG93IjoiMDM2M2IyOCJ9\" href='https:\/\/www.museocasaconsole.ch\/wp-content\/uploads\/2024\/05\/Spitzweg-Heuernte.jpg'><img loading=\"lazy\" decoding=\"async\" width=\"752\" height=\"440\" src=\"https:\/\/www.museocasaconsole.ch\/wp-content\/uploads\/2024\/05\/Spitzweg-Heuernte-752x440.jpg\" class=\"attachment-featured-slider size-featured-slider\" alt=\"\" \/><\/a>\n\t\t\t<\/div><\/figure><figure class='gallery-item'>\n\t\t\t<div class='gallery-icon landscape'>\n\t\t\t\t<a data-elementor-open-lightbox=\"yes\" data-elementor-lightbox-slideshow=\"0363b28\" data-elementor-lightbox-title=\"Morgenstern Mondschein\" data-e-action-hash=\"#elementor-action%3Aaction%3Dlightbox%26settings%3DeyJpZCI6NTc3NCwidXJsIjoiaHR0cHM6XC9cL3d3dy5tdXNlb2Nhc2Fjb25zb2xlLmNoXC93cC1jb250ZW50XC91cGxvYWRzXC8yMDI0XC8wNVwvTW9yZ2Vuc3Rlcm4tTW9uZHNjaGVpbi5qcGciLCJzbGlkZXNob3ciOiIwMzYzYjI4In0%3D\" href='https:\/\/www.museocasaconsole.ch\/wp-content\/uploads\/2024\/05\/Morgenstern-Mondschein.jpg'><img loading=\"lazy\" decoding=\"async\" width=\"752\" height=\"440\" src=\"https:\/\/www.museocasaconsole.ch\/wp-content\/uploads\/2024\/05\/Morgenstern-Mondschein-752x440.jpg\" class=\"attachment-featured-slider size-featured-slider\" alt=\"\" \/><\/a>\n\t\t\t<\/div><\/figure><figure class='gallery-item'>\n\t\t\t<div class='gallery-icon portrait'>\n\t\t\t\t<a data-elementor-open-lightbox=\"yes\" data-elementor-lightbox-slideshow=\"0363b28\" data-elementor-lightbox-title=\"Gr\u00fctzner Kardinal\" data-e-action-hash=\"#elementor-action%3Aaction%3Dlightbox%26settings%3DeyJpZCI6NTc1NiwidXJsIjoiaHR0cHM6XC9cL3d3dy5tdXNlb2Nhc2Fjb25zb2xlLmNoXC93cC1jb250ZW50XC91cGxvYWRzXC8yMDI0XC8wNVwvR3J1ZXR6bmVyLUthcmRpbmFsLmpwZyIsInNsaWRlc2hvdyI6IjAzNjNiMjgifQ%3D%3D\" href='https:\/\/www.museocasaconsole.ch\/wp-content\/uploads\/2024\/05\/Gruetzner-Kardinal.jpg'><img loading=\"lazy\" decoding=\"async\" width=\"752\" height=\"440\" src=\"https:\/\/www.museocasaconsole.ch\/wp-content\/uploads\/2024\/05\/Gruetzner-Kardinal-752x440.jpg\" class=\"attachment-featured-slider size-featured-slider\" alt=\"\" \/><\/a>\n\t\t\t<\/div><\/figure>\n\t\t<\/div>\n\t\t<\/div>\n\t\t\t\t\t\t<\/div>\n\t\t\t\t<\/div>\n\t\t\t\t\t<\/div>\n\t\t\t\t<\/div>\n\t\t<div class=\"elementor-element elementor-element-629e3b0 e-flex e-con-boxed e-con e-parent\" data-id=\"629e3b0\" data-element_type=\"container\" data-e-type=\"container\">\n\t\t\t\t\t<div class=\"e-con-inner\">\n\t\t\t\t\t<\/div>\n\t\t\t\t<\/div>\n\t\t\t\t<\/div>\n\t\t","protected":false},"excerpt":{"rendered":"<p>AKTUELLE SONDERAUSSTELLUNG Schweizer Realisten, Idealisten, Symbolisten Bilder des Sammlers Bruno Stefanini Museo Casa Console Poschiavo, 14.12.2025-25.10.2026 Vernissage, 13. Dezember 2025, 17:30 Uhr Die Sonderausstellung vereint<a class=\"moretag\" href=\"https:\/\/www.museocasaconsole.ch\/?page_id=5904&#038;lang=de\"> <\/a><\/p>\n","protected":false},"author":2,"featured_media":0,"parent":0,"menu_order":0,"comment_status":"closed","ping_status":"closed","template":"","meta":{"_themeisle_gutenberg_block_has_review":false,"footnotes":""},"class_list":["post-5904","page","type-page","status-publish","hentry"],"_links":{"self":[{"href":"https:\/\/www.museocasaconsole.ch\/index.php?rest_route=\/wp\/v2\/pages\/5904","targetHints":{"allow":["GET"]}}],"collection":[{"href":"https:\/\/www.museocasaconsole.ch\/index.php?rest_route=\/wp\/v2\/pages"}],"about":[{"href":"https:\/\/www.museocasaconsole.ch\/index.php?rest_route=\/wp\/v2\/types\/page"}],"author":[{"embeddable":true,"href":"https:\/\/www.museocasaconsole.ch\/index.php?rest_route=\/wp\/v2\/users\/2"}],"replies":[{"embeddable":true,"href":"https:\/\/www.museocasaconsole.ch\/index.php?rest_route=%2Fwp%2Fv2%2Fcomments&post=5904"}],"version-history":[{"count":33,"href":"https:\/\/www.museocasaconsole.ch\/index.php?rest_route=\/wp\/v2\/pages\/5904\/revisions"}],"predecessor-version":[{"id":6839,"href":"https:\/\/www.museocasaconsole.ch\/index.php?rest_route=\/wp\/v2\/pages\/5904\/revisions\/6839"}],"wp:attachment":[{"href":"https:\/\/www.museocasaconsole.ch\/index.php?rest_route=%2Fwp%2Fv2%2Fmedia&parent=5904"}],"curies":[{"name":"wp","href":"https:\/\/api.w.org\/{rel}","templated":true}]}}